he highest common factor of 2105593 and 21.
7
Calculate the highest common factor of 361 and 3078.
19
What is the highest common factor of 323215 and 254?
127
What is the highest common divisor of 351 and 33?
3
What is the greatest common divisor of 4 and 42848?
4
Calculate the greatest common factor of 77704 and 88.
88
Calculate the highest common divisor of 116793 and 1197.
171
What is the highest common factor of 595914 and 110?
22
Calculate the greatest common divisor of 41772 and 36.
12
Calculate the highest common factor of 148056 and 18104.
248
Calculate the highest common divisor of 80 and 1263720.
40
What is the greatest common factor of 4375 and 387625?
875
Calculate the highest common divisor of 60 and 8355.
15
What is the highest common factor of 2871 and 197635?
29
What is the highest common factor of 1950 and 1578?
6
Calculate the highest common factor of 671 and 1243.
11
Calculate the greatest common divisor of 132 and 10068.
12
What is the greatest common divisor of 216 and 323487?
27
What is the greatest common divisor of 49551 and 14925?
597
What is the highest common divisor of 9398 and 111?
37
What is the highest common divisor of 182382 and 150102?
1614
What is the greatest common factor of 24 and 20028?
12
Calculate the highest common divisor of 120 and 932440.
40
What is the highest common divisor of 81117 and 9?
9
Calculate the greatest common factor of 50 and 450050.
50
What is the highest common divisor of 1685336 and 1758?
586
Calculate the highest common divisor of 143 and 170209.
13
Calculate the greatest common factor of 24622 and 611.
13
Calculate the highest common factor of 80847 and 11232.
117
Calculate the greatest common factor of 4587 and 20433.
417
What is the highest common factor of 36 and 53828?
4
Calculate the greatest common divisor of 122 and 158051.
61
Calculate the greatest common divisor of 46 and 593216.
46
What is the greatest common factor of 65638 and 111?
37
Calculate the greatest common factor of 1518 and 693726.
1518
What is the greatest common divisor of 24949 and 61?
61
Calculate the highest common factor of 1909 and 4623.
23
Calculate the greatest common divisor of 1323 and 54783.
27
What is the greatest common divisor of 4959 and 7961?
19
Calculate the greatest common factor of 35 and 306355.
35
Calculate the highest common factor of 111776 and 56.
56
What is the highest common divisor of 616 and 54712?
56
Calculate the highest common divisor of 22374 and 44.
22
Calculate the highest common factor of 700 and 4492.
4
What is the highest common factor of 18837 and 690?
69
Calculate the highest common factor of 2141194 and 110.
22
Calculate the highest common divisor of 13 and 2057042.
13
What is the greatest common factor of 95643 and 63?
9
Calculate the highest common divisor of 1529 and 902.
11
Calculate the highest common divisor of 6039 and 6941.
11
What is the greatest common divisor of 595320 and 82?
82
Calculate the highest common factor of 36589 and 21.
7
Calculate the highest common factor of 1820 and 57820.
140
Calculate the highest common factor of 479376 and 48.
48
Calculate the greatest common divisor of 94957 and 1614.
269
Calculate the highest common divisor of 2700 and 69570.
90
What is the highest common divisor of 171 and 2682?
9
What is the highest common divisor of 35646 and 78?
78
Calculate the greatest common factor of 172710 and 90.
90
Calculate the highest common divisor of 88 and 37608.
8
What is the greatest common factor of 16772 and 10808?
28
What is the highest common divisor of 380 and 40150?
10
What is the highest common divisor of 574 and 16520?
14
What is the highest common factor of 171 and 19683?
9
Calculate the greatest common divisor of 18669 and 508.
127
What is the highest common divisor of 6636081 and 3378?
1689
Calculate the highest common factor of 12 and 13676892.
12
Calculate the highest common divisor of 114 and 18.
6
Calculate the highest common factor of 254955 and 23.
23
Calculate the greatest common factor of 17544 and 88.
8
What is the greatest common divisor of 1568 and 1624?
56
What is the greatest common divisor of 7038 and 65790?
306
What is the highest common divisor of 27710 and 1360?
170
What is the highest common divisor of 43696 and 144?
16
What is the highest common factor of 20 and 14132?
4
What is the highest common factor of 2648 and 614?
2
What is the highest common divisor of 29424 and 32?
16
What is the greatest common factor of 6456 and 144?
24
What is the greatest common factor of 16 and 102352?
16
Calculate the highest common divisor of 1885 and 520.
65
What is the highest common factor of 113 and 15195223?
113
What is the highest common divisor of 162 and 3411882?
162
What is the greatest common factor of 172 and 46660?
4
Calculate the greatest common factor of 1720 and 53016.
8
Calculate the highest common factor of 76707 and 14175.
81
Calculate the greatest common factor of 1640750 and 750.
250
Calculate the greatest common divisor of 260 and 31060.
20
Calculate the greatest common divisor of 56 and 52360.
56
Calculate the greatest common divisor of 2385 and 162445.
265
What is the highest common factor of 48 and 541440?
48
What is the greatest common divisor of 82042 and 50?
2
What is the highest common factor of 13125 and 600?
75
Calculate the highest common divisor of 20923 and 488.
61
Calculate the highest common factor of 161 and 34546.
23
What is the greatest common divisor of 424 and 183592?
424
What is the highest common divisor of 225 and 104535?
45
What is the greatest common factor of 236990 and 390?
130
What is the highest common factor of 165 and 1648275?
15
Calculate the highest common factor of 118503 and 40698.
1197
Calculate the highest common divisor of 6746 and 2.
2
Calculate the highest common divisor of 178713 and 9.
9
What is the greatest common divisor of 1269073 and 41?
41
Calculate the greatest common divisor of 440 and 77.
11
Calculate the highest common factor of 454292 and 27400.
548
What is the greatest common factor of 480 and 1160448?
96
Calculate the highest common factor of 5809 and 2627.
37
What is the highest common divisor of 12 and 68844?
12
What is the highest common factor of 116936 and 1880?
376
Calculate the greatest common divisor of 34552 and 104.
8
Calculate the highest common divisor of 23275 and 10535.
245
What is the highest common divisor of 211622 and 76?
38
Calculate the highest common divisor of 52256 and 21344.
736
Calculate the highest common divisor of 724 and 7.
1
Calculate the highest common divisor of 90376 and 11.
11
What is the greatest common divisor of 208 and 1744?
16
What is the greatest common divisor of 86736 and 69?
3
What is the greatest common factor of 25 and 3227900?
25
What is the greatest common factor of 20863 and 93?
31
Calculate the highest common factor of 2940 and 111440.
140
Calculate the highest common factor of 9 and 5163.
3
What is the greatest common factor of 88 and 34012?
44
Calculate the greatest common divisor of 205 and 122139.
41
What is the highest common factor of 2 and 278?
2
Calculate the greatest common divisor of 1619896 and 86.
86
What is the highest common divisor of 55209 and 37284?
717
Calculate the greatest common factor of 2394 and 3059.
133
What is the greatest common divisor of 144 and 3558?
6
Calculate the highest common divisor of 1744 and 813031.
109
What is the greatest common factor of 278784 and 216?
72
What is the highest common factor of 3685 and 17755?
335
Calculate the highest common factor of 84 and 2130555.
21
What is the greatest common factor of 677970 and 180?
90
What is the highest common divisor of 137466 and 36?
18
What is the highest common divisor of 100 and 274850?
50
Calculate the highest common factor of 21518 and 34874.
742
What is the greatest common factor of 76717 and 2?
1
Calculate the greatest common divisor of 664596 and 108.
36
Calculate the greatest common divisor of 97 and 62371.
97
What is the highest common factor of 972 and 44?
4
Calculate the highest common divisor of 66654 and 28.
14
What is the highest common divisor of 82786 and 28897?
781
What is the highest common divisor of 14 and 1219813?
7
What is the highest common divisor of 541719 and 69?
69
Calculate the highest co